-82)). Is -4 + 2 + (0 - x) a prime number?
False
Let l(d) = -10*d**3 + d. Let b be l(-1). Is (4854/b)/(8/12) composite?
False
Let i be 20*(-2 - 24/(-4)). Suppose -m + i = -111. Is m a prime number?
True
Let z be ((-2)/6)/(2*(-3)/47772). Suppose -4*q + z = -3222. Is q a composite number?
True
Let s(i) = -63*i**3 - 10*i**2 - 12*i - 17. Is s(-6) prime?
False
Is (1259/3 - -1)*(-66)/(-4) a prime number?
False
Let d be (-4)/10 + 242/55. Suppose 5*i + 2*g = -1547 + 6937, 0 = i - d*g - 1056. Suppose -y + 97 + i = 5*q, 2*y + 944 = 4*q. Is q a composite number?
True
Is 1*6 + (2734 - -37) prime?
True
Let n = 128 - 193. Let p = 158 - n. Is p prime?
True
Let d = 1909 + -1124. Let x = d + 84. Is x a composite number?
True
Suppose 0 = 5*h - 9 - 6. Suppose 18 = 4*k + h*l, -k - 2*l = -5*k + 8. Suppose -k*g + 2174 = -g. Is g composite?
False
Let m(y) = -2*y - 4. Let l be m(-2). Suppose -2*x - 4*h + 132 = 0, x + l*h - 66 = -h. Suppose 29 = 5*f - x. Is f prime?
True
Suppose 2*z - 4*z + l = -6, -2*l - 10 = -3*z. Suppose -4*q - i + 13079 = 0, -2*q - z*i = 1480 - 8012. Is q composite?
False
Is (-8 + (-2 - -8))/((-4)/7318) prime?
True
Let h(r) = 2*r**2 - 12*r + 22. Let o be h(15). Suppose -3*f = -317 - o. Is f composite?
True
Suppose -28 = 4*b + 4*u, 3*b - 2*u + 3 = -13. Let v = b - -9. Is 416 + (0 - -4) - v a prime number?
False
Let h(t) = 5173*t**2 + 5*t - 1. Is h(2) composite?
True
Let d(a) = a**3 + 2*a**2. Let x be d(-2). Suppose -2*y + x = 5*k - 1, 5*y - 12 = -3*k. Suppose y*m = 3546 + 2607. Is m prime?
False
Let a(b) = -b**3 - 6*b**2 - 5*b - 17. Is a(-19) a composite number?
True
Suppose -3*v - 4*n - 3145 = 0, 3*n - 1012 = 2*v + 1079. Let b = v - -1526. Is b composite?
False
Suppose a + 0 + 3 = 0. Is (-4)/a*8766/24 a prime number?
True
Let w = 92142 - 11605. Is w a composite number?
False
Let w(i) = -3*i + 15. Let m be w(4). Suppose m*q = 6*q - 2253. Is q a prime number?
True
Let s(g) = 15*g**2 - 4*g + 72. Is s(-11) a composite number?
False
Suppose 3*j = 3*t - 9, -2*j + j + 4*t - 6 = 0. Is (-1 - (j + -1))*3736/16 composite?
False
Suppose m + m + 3*v = -2, -5*v = 4*m + 2. Let j = m - 0. Suppose -2*h - s + 505 = 2*s, -504 = -j*h - 2*s. Is h a prime number?
True
Suppose 0 = -x - 2*x - 2088. Let c = x - -1282. Is c + (0 - (1 + -2)) a composite number?
False
Let k = -30 - -31. Is (431 + 0)*k + 0 composite?
False
Let f = 5 + -14. Let a be 729/(-135) + 4/10 - -1943. Is (a/f)/((-4)/6) a composite number?
True
Let q(z) = -z**3 + 6*z**2 - 8*z + 1. Let g be q(3). Suppose x - 2*a - 1256 = -a, 3*x - 3789 = -g*a. Is x prime?
True
Let b(k) = -236*k**3 + 2*k**2 - 1. Let n be b(1). Let z = 154 - n. Is z composite?
False
Let b(d) = -3*d**3 - 3*d**2 - 3*d + 3. Let p be (3/(-2))/((-2)/(-8)). Let c be b(p). Suppose -5*x = -c + 76. Is x prime?
True
Suppose n + 31*n - 908384 = 0. Is n a composite number?
False
Suppose 14*i = 18*i - 628. Is i a prime number?
True
Suppose 0 = 18*x - 2*x - 650384. Is x composite?
True
Suppose 23367 = x - 4*c - 5016, 0 = -4*x - 2*c + 113550. Is x a composite number?
False
Suppose 2*k - 9*b - 7690 = -8*b, 2*k - 7714 = -5*b. Is k composite?
False
Let w be 496/8 - 2*1. Let l be w/(-50)*(-10)/3. Suppose 5*u - l*s - 83 = 0, -2*u = -3*s - 45 + 9. Is u composite?
True
Let w(k) = k + 6. Let p be w(-4). Let z be p - -1 - (7 + -6). Suppose -3*u = x - 7, -z*u - 2*x = u - 5. Is u a composite number?
False
Let a(o) = -2*o - 2. Let f be a(-2). Let g(p) = -f*p + 5 - 6*p + 0*p. Is g(-4) a prime number?
True
Let k be (2/(-6))/(2/(-6)). Let i be -1*(170 - (-3)/k). Let q = i - -322. Is q prime?
True
Let f = 11830 - 4853. Is f prime?
True
Let q(b) = -b + 11. Let f be q(8). Let s(k) = 2*k - 12. Let l be s(7). Is (4 - f)/(l/970) prime?
False
Suppose 2*d - 21*l - 23742 = -16*l, -3*l = -5*d + 59317. Is d prime?
False
Suppose 5*b - 18450 = -3*n - 2*n, 0 = -4*b - 16. Is n a prime number?
False
Let l = 308267 - 192340. Is l composite?
True
Let r be 1/(-2)*(-1 - -1). Is r + (-1445)/(-5) - -4 prime?
True
Let u = -19379 - -43314. Is u prime?
False
Let f(v) = -v - 5. Let p be f(-7). Suppose -p*r - r = -1521. Let b = -254 + r. Is b a composite number?
True
Let h(s) = s**3 - 9*s**2 + 9*s - 6. Let w be h(8). Suppose 376 = 2*t + 3*r, 7*r - w*r + 201 = t. Is t a composite number?
False
Suppose -5*f = 3*d + 2355, 2*f + 4*d = 3*d - 942. Let x = -666 - f. Let q = x - -421. Is q prime?
False
Let z(k) = 10*k**2 - 3*k + 1. Let p be z(1). Is 3030/p + (-7)/(-28) a prime number?
True
Let y(a) = -a**3 + 4*a**2 + 14*a - 8. Let m be y(6). Suppose m*o - 419 = 4721. Suppose 2*w + 3*p = 514, -o = 2*w - 7*w - 5*p. Is w composite?
False
Suppose 24 = -4*p + 3*a, -2*p - 3*a = -0*p - 6. Is (0/2 - 6285)*1/p a prime number?
False
Suppose -3*l = 5*y + 11, 5*y + 1 = -2*l - 13. Suppose u + 2 = -o, -3*o + 6*u = l*u - 12. Is (-4)/(-4)*o*65 prime?
False
Suppose 0 = 18*l + 149115 - 1337637. Is l a prime number?
True
Suppose a = 6*a - 10. Suppose -i - a + 5 = 0. Suppose -i*h = 5*f - 613, -8 = 2*f - 0*f. Is h prime?
True
Suppose -g + 3*g - 46 = -4*y, 3*y - 5*g = 28. Let t(r) = 2*r**2 - 9*r - 9. Is t(y) composite?
True
Let u(j) = 72*j + 13235. Is u(0) a prime number?
False
Let v = 12314 + -5907. Is v prime?
False
Let y = -81 + 81. Suppose y = 7*g - 2*g - 1735. Is g a prime number?
True
Let g(j) = -3*j**3 - 125*j**2 + 52*j - 61. Is g(-43) composite?
False
Let a be (2/8)/(7/84). Let l(j) = 8*j**3 + 5*j**2 - 4*j + 2. Is l(a) composite?
False
Let p(l) be the second derivative of 0 + 13/2*l**2 + 5/2*l**3 - 1/12*l**4 - 4*l. Is p(12) a prime number?
False
Let b(g) = 27*g - 6. Let m be b(-3). Is m/(-2) - 5/10 a composite number?
False
Let f be (-8)/(-2) + (-9)/3. Let m(c) = 421*c**2. Let j be m(f). Suppose -q = -5*b - j, -2*q + 3*b = -0*q - 814. Is q a composite number?
False
Let o(u) = -u + 21. Let m be o(7). Is (764/m)/(1/7) a composite number?
True
Let p(k) = 918*k**2 - 12*k + 7. Is p(5) a composite number?
True
Let l(x) = 55*x**2 - 7*x - 21. Suppose a + 20 = -4*a. Is l(a) composite?
False
Suppose 0 = -2*x + 4*x + 6. Let w be (4 - 3)*-2*x. Suppose -2*t = -w*t + 436. Is t a prime number?
True
Let g = -470 - -1139. Suppose -5*h + 44 = g. Let f = -48 - h. Is f a composite number?
True
Suppose -2*o = -5*o. Suppose -4*u + 2340 = d, -5*u - 4*d + o*d = -2936. Is (-7)/21 + u/6 a prime number?
True
Suppose -2*q - 49497 = -y, q - 197978 = -4*y + 4*q. Is y a composite number?
True
Let k = 32 + -28. Suppose -l + 129 = k*j - 20, 0 = 5*j. Is l composite?
False
Let j = -6 + 4. Is 15/5 + (j - -184) prime?
False
Let u(q) = -q**2 + 15*q - 13. Let c be (2/(-4))/((-4)/96). Is u(c) a prime number?
True
Suppose 18*v - 4*v - 19642 = 0. Is v prime?
False
Let x(t) = t**3 + 6*t**2 - 6. Let p be x(-5). Let i = p - -28. Is i a composite number?
False
Suppose 3*v - 36 = 3*f, 0 = -f + 4*v - 9. Let u = -8 - f. Suppose 3*s + u*w = -s + 595, -5*s = -w - 722. Is s a prime number?
False
Let n(c) = 14*c**2 - 86*c + 13. Is n(10) prime?
False
Let b = 3248 - -3305. Is b/2 - 14/(-28) a prime number?
False
Suppose -1888 = -5*h + 3*f + 679, 5*h = -2*f + 2547. Is h a composite number?
True
Let c = 1311 + -333. Suppose -f + 3*f - 650 = -4*a, -5*a = 3*f - c. Is f a composite number?
False
Is 79042/22 - (-5)/((-220)/(-8)) a composite number?
False
Let g(v) = 5974*v + 197. Is g(8) prime?
False
Suppose 3*q + 214075 = 28*q. Is q prime?
True
Suppose 0 = 111*v - 113*v + 1082. Is v a composite number?
False
Let j(h) = 7*h**2 - 2*h + 7. Let s(i) = 8*i**2 - 3*i + 8. Let u(q) = 6*j(q) - 5*s(q). Let m be u(-2). Suppose 2*l + m - 110 = 0. Is l a prime number?
True
Let g = -3 + 3. Suppose 4*d - 14970 = 2*z - 4*z, g = d - z - 3744. Is d prime?
False
Let u(p) = -8*p - 3. Let z be (-5 - -6)/((-1)/(-2)). Suppose a + 2*m + 5 = 0, -z*a + 4 = m + 14. Is u(a) composite?
False
Let a be (4/(5 - -3) - 1)*0. Suppose a = -5*y - 0*y + 4195. Is y prime?
True
Suppose 0 = 4*u - 12. Suppose u*h - 4*f = f + 4, 2*h + 4*f = 10. Suppose h*q = 4*q + 3*d - 104, d - 114 = -q. Is q a prime number?
False
Let t be (8/6)/(3/504). Suppose 0 = 3*a + 4*k + 7 - 6, -2*a - 4*k = 2. Is a + 0 + -2 + t a composite number?
False
Suppose -1899 = o - 5738. Is o prime?
False
Let r be 2/(-7) + 1716/28. Let a be 248/6 + (-34)/(-51). Let j = r - a. Is j prime?
True
Let x = -76 - -84. Is 791/(-2)*(-10 + x) composite?
True